) = 149*u - 17. List the prime factors of i(4).
3, 193
Let c(o) = -o**3 + 14*o**2 - 3*o - 4. List the prime factors of c(4).
2, 3
Let l(y) be the third derivative of 31*y**4/24 + y**3/6 - 3*y**2. Let d be l(1). Let n = d - 14. What are the prime factors of n?
2, 3
Let y = 19 + -8. Let o(a) = 4*a - 5. Let x be o(y). Suppose -3*w = -x + 3. What are the prime factors of w?
2, 3
Let r = 20 + -13. Suppose r*t = 9*t + 90. What are the prime factors of (-6)/t*-3*-90?
2, 3
Suppose -622*l - 1 = -623*l. Suppose 5*v - 3*v + 101 = 3*q, 0 = -5*v - 4*q - 287. What are the prime factors of v*(-3)/3*l?
5, 11
What are the prime factors of 1 + 0 - (-2853 - (7 - 17))?
2, 3, 79
Let g = 31 + -39. List the prime factors of ((-60)/g - 0)*6.
3, 5
Let h(q) = 17*q**2 + 5 - 5*q**2 - 3*q**2 + q - 8*q**2. Let b be h(0). Suppose 48 = b*y - 4*p, y + 2*p + 28 = 4*y. List the prime factors of y.
2
Suppose -15979 = -14*h - 15*h. List the prime factors of h.
19, 29
Let j = 3 + 4. Let r = 11 - j. What are the prime factors of 10811/133 - r/14?
3
Let s = 23 - -34. Let m = s + -30. What are the prime factors of m?
3
Suppose -6*f = 27 - 99. What are the prime factors of 5*(2 - 3/f*0)?
2, 5
Suppose -29*r + 30*r - 4*o - 687 = 0, -4*r + 5*o = -2803. List the prime factors of r.
7, 101
Let f = -530 + 950. List the prime factors of f.
2, 3, 5, 7
Suppose -5*f - 978 = -4*k, 5*f - 734 = -3*k + 9*f. List the prime factors of k.
2, 11
Let n(l) = -l**2 - 10*l. Let t be n(-10). Let p be t - -4*2*1. Let z(j) = j**3 - 9*j**2 + 9*j - 3. What are the prime factors of z(p)?
5
Let x be ((-3)/2)/(-3)*0. Suppose x*b - 56 = 2*b. Let u = b - -78. What are the prime factors of u?
2, 5
Let u(s) = -s**3 - 12*s**2 + 11*s + 15. Let l be u(-13). Suppose 0 = -3*f - 11 + l. List the prime factors of f.
2, 5
Suppose -224*g + 580 = -219*g. What are the prime factors of g?
2, 29
Let y(q) = q**2 - 5*q + 2. Let a be y(3). Let x be (1 - -95)*(-7)/14. List the prime factors of ((-3)/a)/((-18)/x).
2
Let a(o) = o**2 + 2*o - 12. Suppose -d - w + 2 + 5 = 0, -3*d = 5*w - 21. Let g be a(d). Suppose 6*r = 7*r - g. List the prime factors of r.
3, 17
Suppose 163*y = 97*y + 203082. List the prime factors of y.
17, 181
Suppose 2*w - 362 = -3*m, 0*m - 4*w + 244 = 2*m. What are the prime factors of m?
2, 3, 5
Suppose 6*x - 1212 = -0*x. Let h = x - 142. List the prime factors of h.
2, 3, 5
Suppose -3*n = -6*n - 3*g + 1407, 2*g - 2333 = -5*n. What are the prime factors of n?
3, 5, 31
Let t = -1413 + 2342. What are the prime factors of t?
929
Let k(n) = n + 7. Let w be k(-4). Suppose 4*c - 27 = -w. Suppose -3*j - 57 = z - c*z, -5*z = 5*j - 25. What are the prime factors of z?
3
Suppose -2*t - t - 9 = 3*c, 7 = 3*t - 5*c. Let o be (-2 - 36)*(0 + t). Suppose -5*y = 5*m - 145, m + 4*y = -0*y + o. What are the prime factors of m?
2, 13
Let x be 3/(6/5)*-2. Let p be (x/2)/((-40)/32). List the prime factors of -3*(-8 - (5 - p)).
3, 11
Let v be (-2138)/14 + (-20)/70. Let f = 236 + v. What are the prime factors of f?
83
Suppose 217 = 12*h - 5*h. What are the prime factors of h?
31
What are the prime factors of (9/(-36))/(1/(-120))?
2, 3, 5
Let v = -965 - -2014. List the prime factors of v.
1049
Let x be ((-14)/(-35))/(2/(-5)). List the prime factors of (40 - (x - 5))/(2/6).
2, 3, 23
Suppose -6*n + 13195 = 2803. List the prime factors of n.
2, 433
Suppose 6*v - 31 = -19. Suppose -2*f + 252 = f. Suppose 3*h = 0, v*z - h - f = 3*h. What are the prime factors of z?
2, 3, 7
Let a(h) = -h - 5. Let o be a(-5). Let l be 3 + o/(-3) - 7. Let r(v) = -2*v - 6. List the prime factors of r(l).
2
Suppose -4*i + 3*k + 2541 = 0, -i - 2*k = -379 - 248. What are the prime factors of i?
3, 211
Let n(i) = 12*i**2 + 16*i + 46. What are the prime factors of n(10)?
2, 19, 37
Let h(k) = 3*k**3 - 7*k**2 - 3*k + 1. Let f(n) = -8*n**3 + 21*n**2 + 8*n - 4. Let v(q) = 4*f(q) + 11*h(q). List the prime factors of v(-7).
2
Let q = -134 - -286. What are the prime factors of q?
2, 19
Let i be (5 - (-81)/(-15)) + (-844)/(-10). Suppose 71 + 57 = 4*r. Let j = i - r. What are the prime factors of j?
2, 13
Suppose -6*h = -h - 435. Suppose -3*m - 3*q + h = 0, -5*q + 6 = -m + 53. List the prime factors of m.
2
Suppose -4*i + 2*i - r = -4, 4*i - 2*r = 8. Suppose -i*k + 452 = 4*a, -5*a - 4*k - 371 + 936 = 0. What are the prime factors of a?
113
What are the prime factors of 5976/3*40/20?
2, 3, 83
Let g(a) = -4 - a**3 - 3*a**2 - a**2 - 4*a - 25*a**2 + 7*a**2. What are the prime factors of g(-22)?
2, 3, 7
Let w = 16 - 173. Let p = 222 + w. What are the prime factors of p?
5, 13
Let c(w) = -w**2 + 28*w - 51. What are the prime factors of c(24)?
3, 5
Suppose -3*t - 2*m = -2*t - 4, 2*t - 3*m = 1. Let n be -7*(t - (-24)/(-7)). Suppose -u = -n - 22. What are the prime factors of u?
2
Let p(r) = 2*r**3 + 3*r**3 + r**2 - r**3 - 5*r - 3 + 0*r. Let s be p(-3). Let a = s + 159. List the prime factors of a.
2, 3
Suppose -x - 2*g = -3186, x - 11*g - 3174 = -9*g. List the prime factors of x.
2, 3, 5, 53
Let o be 4/(-30) + 154/30. Suppose -3*f + 7 = 5*s - o, 4*f - 16 = 3*s. What are the prime factors of 2/4*3*f?
2, 3
Suppose 0 = -4*i - 33 + 9. Let l = 23 + i. Suppose 19*v - 68 = l*v. List the prime factors of v.
2, 17
Suppose 8*y - 20 = 3*y. Let v = 39 + -44. List the prime factors of v/((-10)/y) + 0.
2
Suppose 43 = z + 2*z + 5*r, -2*z + 2*r = -34. List the prime factors of z.
2
Let a(k) = -13*k**3 + 3*k**2 + 17*k - 12. What are the prime factors of a(-6)?
2, 3, 467
Let a(o) = 149*o + 201. List the prime factors of a(2).
499
Let v = -2726 + 3936. What are the prime factors of v?
2, 5, 11
Let r = -17 - -20. Suppose 4*i - r*h = -0*h + 70, 3*i - 49 = 4*h. What are the prime factors of i?
19
Let a be -2 + (0 - -1 - -3). Suppose -a*r + 20 = -r. Let t = r + -15. List the prime factors of t.
5
Suppose -3*q = n - 106, -n = 2*q + n - 64. Let l = q - 22. Suppose -g + 3*j - j + l = 0, 0 = 5*j. List the prime factors of g.
3, 5
Let j = 98 - 82. Let w(f) = 13*f - 40. List the prime factors of w(j).
2, 3, 7
Let s(x) = 27*x - 37. List the prime factors of s(13).
2, 157
Let x = 2457 - 923. List the prime factors of x.
2, 13, 59
Suppose 3*p - 2*p + 2*d + 77 = 0, -4*p - 308 = 3*d. Let x = p + 124. List the prime factors of x.
47
Let u = -98 + 164. Let b = 6 - 40. Let j = b + u. What are the prime factors of j?
2
Let s(u) = u**2 - 9. Let c(j) = j**2 - 15*j - 11. Let b be c(16). Suppose 0*z - 2 = z + l, 2*z + 18 = b*l. What are the prime factors of s(z)?
7
Suppose -558 = -5*k + 2*w, 4*k - w = 3*w + 456. List the prime factors of k.
2, 5, 11
Suppose 0 = -8*x - 18 + 50. What are the prime factors of ((-6)/x)/((-15)/1400)?
2, 5, 7
Let h(u) = 5*u**3 - 4*u**2 - 2*u + 2. Let x be h(-2). Let j = x + 195. List the prime factors of j.
5, 29
Let g be ((-8)/1)/(-1) + -4. Let r(y) = 4 + 5 + g + 2*y**2 - 3 + 4*y. What are the prime factors of r(-4)?
2, 13
Let v be (6/5)/(6/20). Suppose -13 = v*h - 5*h. List the prime factors of h.
13
Let u = -60 + 1097. List the prime factors of u.
17, 61
Let u(r) = 2*r + 89. What are the prime factors of u(-27)?
5, 7
Let x be (-3)/1 - (-7 + -2). Suppose 4*m - 4*y - 184 = 0, -x*m + 3*m + 5*y = -132. Let p = 71 - m. List the prime factors of p.
2, 11
Let a be 0 + -3 + 1 + -1. Let o(g) = g**3 + 2*g**2 - 4*g. Let t be o(a). Suppose -t*s = s - 64. List the prime factors of s.
2
Let r = -1281 - -2422. List the prime factors of r.
7, 163
Let i(t) = 9*t**2 - 6*t - 6. Let y be i(-4). Suppose y = 3*v + 3*l, 4*l + 88 = 2*v + 10. List the prime factors of v.
7
Suppose -6 = 2*c + 2, 3*o = -4*c - 1. Let m(w) = 14*w + 2. Let v be m(o). Let i = v + -38. What are the prime factors of i?
2, 17
Let u(t) = 2*t - 14. Let f be u(7). Suppose f = 8*l + l - 504. What are the prime factors of l?
2, 7
Suppose -4*g + 36 = -4*w, g + 2 - 13 = 2*w. Let j(o) = -o**3 + 8*o**2 + 2*o - 1. Let d be j(8). Let h = d + g. What are the prime factors of h?
2, 11
Suppose 32 = -9*n + 17*n. Suppose 189 = -i - 4*z + 520, z - 1324 = -n*i. List the prime factors of i.
331
Suppose 12*a - 1299 = -3. What are the prime factors of a?
2, 3
Let l be 3/(1*(-3)/9). List the prime factors of (-1343)/l - (0 + (-2)/(-9)).
149
Let u = 153 + 209. What are the prime factors of u?
2, 181
Let z be 2/(-2) - -4 - (2 + 1). Suppose z*l = -4*x - 2*l + 86, 5*l -